8 = q, 3*j + 138 = 5*q. Suppose -14 - q = -4*y. Calculate the highest common factor of y and 66.
11
Let c(o) = 12*o**2 - 2*o - 3. Let x be c(3). Suppose 2*n - 4 = n. Suppose -n*r - 33 = -7*r. What is the greatest common divisor of x and r?
11
Suppose 2*s - 3*q - 9 + 3 = 0, -5*s + 10 = -5*q. Let p(d) = d**2 - d + 28. Let o be p(s). Let j = 0 + 7. Calculate the greatest common divisor of j and o.
7
Let a = -128 - -141. Let i = -83 + 148. Suppose l = -2*l - o + 39, -4*o = 5*l - i. What is the greatest common divisor of a and l?
13
Suppose -1 = 3*v - 4. Let d be v*4*(-14)/(-8). Let s = -5 + d. What is the greatest common factor of s and 1?
1
Suppose 0*z + 2*z - 4 = 0. Calculate the highest common factor of z and 6.
2
Let b be -10*(-2)/(6/(-9)). Let s = b - -67. Let d = s + 7. Calculate the greatest common factor of d and 11.
11
Let u be -16*(0 - (-2)/(-2)). Suppose 5*p - 30 = -5*d, 3*d = p - u - 10. What is the greatest common factor of 1 and p?
1
Let f = 29 - 7. What is the greatest common factor of 2 and f?
2
Let h(i) = i + 23. Let t be h(-11). Let m = t - -6. Calculate the greatest common divisor of 198 and m.
18
Suppose -22*g = -24*g + 220. Calculate the greatest common divisor of 22 and g.
22
Suppose 25*z = 21*z + 8. Calculate the highest common divisor of z and 8.
2
Suppose 3*q + 4 = z + 27, -1 = -q - 3*z. What is the greatest common divisor of 1 and q?
1
Let q(c) be the first derivative of -c**4/4 - c**3 - 3*c**2/2 - 5*c - 1. Let i be q(-4). Let v = -7 + i. What is the greatest common divisor of v and 4?
4
Let q be (4/(64/20))/((-2)/(-24)). Let t(s) = -40*s**2 - 3*s + 1. Let y be t(2). Let b be (-2 + -1 - -2)*y. What is the greatest common divisor of q and b?
15
Let h = 1 - -75. Suppose -3*c + 60 = -3*w, -2*w - h = -7*c + 3*c. Let d = 0 - -2. Calculate the highest common divisor of c and d.
2
Let i = 143 - 77. Suppose 0*g - g - 1 = -3*f, 1 = 5*f - g. Let h be i + -1*(3 - f). Calculate the greatest common factor of h and 9.
9
Suppose 23 = 5*j - 2. Let l = j + 1. What is the greatest common factor of 6 and l?
6
Let t be 6/(((-16)/40)/(2/(-5))). Calculate the greatest common factor of t and 24.
6
Let c(l) = 3*l + 1. Let o be c(5). What is the highest common factor of 144 and o?
16
Suppose 0 = -3*d - 2*d + 455. What is the highest common factor of 13 and d?
13
Let x(i) = -i + 6. Let v be x(4). What is the greatest common divisor of v and 8?
2
Suppose 0 = y - 3*g + 1, 4*g = 3*y + 5 - 17. Calculate the highest common divisor of y and 16.
8
Suppose 4*h + g = 29, 8*h - g - 20 = 5*h. Suppose -5*z - 270 = -h*z. What is the highest common factor of 15 and z?
15
Let j = 45 + -31. Calculate the highest common divisor of j and 70.
14
Suppose -5*t + 0 + 25 = 0, 0 = -4*b + 4*t + 252. What is the highest common divisor of 17 and b?
17
Suppose 14 = 4*f + 3*m - 4*m, m + 18 = 5*f. Suppose -3*l = -l. Suppose 3*a = -5*h + 23, 3*h - a - 19 + 8 = l. Calculate the greatest common factor of f and h.
4
Suppose p - 9 = -0*p. Calculate the greatest common divisor of p and 54.
9
Let a be 0/1*4/8. Suppose a = -g + 3 - 0. Let w = 16 - 7. Calculate the highest common divisor of w and g.
3
Suppose 3*i - 2*i + 11 = 3*j, 0 = 2*j + 4*i - 26. Suppose -j*t - 25 = 0, 5*t = 2*c + 3*c - 505. Calculate the greatest common divisor of 12 and c.
12
Let k be (-3)/7 + 102/42. Let w be k*18 - (-16)/(-4). Calculate the greatest common factor of 224 and w.
32
Let y(g) = g**3 - 7*g**2 + 7*g + 1. Let w be y(6). Suppose -6*j + w = -5*j. Suppose -z + 17 = -39. What is the greatest common factor of z and j?
7
Let i(l) = -l**3 - 6*l**2 + 5*l + 7. Let x be i(-7). Let b be (-2)/(-3)*x/14. Let c be 8/16*(b + 1). Calculate the highest common factor of c and 8.
1
Let s(a) = a**3 - 2*a**2 + 5*a + 36. Let x be s(0). Calculate the highest common factor of x and 288.
36
Let h be 1 + (-316)/(0 + -4). Suppose -3*k = -4*l + 5*l - 20, 0 = -4*l + 2*k + h. What is the greatest common factor of 50 and l?
10
Let n(m) = -2*m - 5. Let f(w) = w**2 - 6*w - 6. Let q be f(6). Let y be n(q). What is the greatest common factor of 1 and y?
1
Let s = -8 - -16. Suppose 79 - 223 = -2*x. What is the highest common divisor of x and s?
8
Let t be (-2 + 0)*(-5)/5. What is the greatest common factor of t and 2?
2
Let b = 39 - 14. What is the highest common divisor of 5 and b?
5
Suppose 60 = 2*o - 92. Let q(d) = 3*d - 5. Let s be q(8). Calculate the greatest common divisor of o and s.
19
Let c(a) = -a**3 - 16*a**2 + 15*a + 1. Let h be c(-17). What is the highest common factor of 35 and h?
35
Suppose 32 - 5 = 3*m. What is the greatest common divisor of 27 and m?
9
Suppose -f - 15 = -6*f. Calculate the greatest common factor of f and 9.
3
Suppose -345 = -3*v + 3*c, -5*v - 4*c = -2*v - 324. Calculate the highest common divisor of v and 14.
14
Suppose -7 = 5*b - 0*b + f, -b - 4*f = -10. Let k be 2/(-4)*5*b. Suppose 5*d - 83 = 2*h, k*d = 3*h - 6*h + 63. What is the greatest common divisor of 10 and d?
5
Let k(n) = -n**3 + 4*n**2 - 2*n - 1. Let j be k(4). Let v be 9/(-1 + (-6)/(-4)). Let b = j + v. What is the greatest common factor of 1 and b?
1
Suppose 3*n = 4*n - 72. Calculate the greatest common divisor of n and 18.
18
Let j be (-185)/(-35) + (-6)/21. What is the greatest common factor of j and 5?
5
Let z = -87 + 127. Suppose 2*h - 2*o + 14 = -6*o, -o - 11 = -2*h. Suppose 3*c - 36 = -4*a, 2*a = -h*c - 2*c + 46. What is the highest common factor of c and z?
8
Let l = -4 + 9. Let u be (4/(-6))/((-4)/12). Suppose -l = -u*q - 1. Calculate the highest common divisor of 14 and q.
2
Suppose 0 = 5*q + 3*h - 7 - 41, 4*h - 4 = 0. Suppose 5*y - 278 = 37. What is the greatest common factor of y and q?
9
Let a be (-11 - -1)*(-3)/6. Calculate the highest common factor of 5 and a.
5
Suppose p = -5*d + 101, -3*p = 2 - 5. What is the highest common factor of 160 and d?
20
Let m(o) = -o**3 + 5*o**2 + 7*o - 6. Let g be m(6). Let x be g - -7 - 15/(-5). Let k = 90 - x. Calculate the highest common factor of k and 10.
10
Suppose 2*v + 5*q + 11 = 0, -3*q + 0*q + 43 = -5*v. Let z(u) = u**3 + 10*u**2 + 9*u - 2. Let b be z(v). What is the highest common factor of 6 and b?
6
Let x = 52 - 22. Calculate the highest common divisor of x and 6.
6
Let g be (-44)/(-1) - (-7 + 9). What is the greatest common divisor of 12 and g?
6
Suppose 0 = -9*p + 7*p + 14. Let a = -5 + p. Calculate the greatest common factor of a and 12.
2
Let n = 21 + -13. Calculate the greatest common divisor of n and 56.
8
Let n(a) = 2*a + 15. Let b be n(-6). Let d(k) = 2*k. Let x be d(b). Calculate the highest common divisor of x and 30.
6
Let j(l) = l**3 - l**2 - l. Let i be j(0). Suppose 3*g - 25 + 4 = i. Suppose -36 = -g*b + 3*b. Calculate the highest common divisor of 1 and b.
1
Let s be 1/(15/12 + -1). Suppose s*a = -a + 135. Let k be 14/6 + (-2)/(-3). What is the highest common factor of a and k?
3
Suppose -40 = -8*q + 3*q. What is the highest common divisor of q and 56?
8
Let d = 224 + -107. Calculate the highest common divisor of 13 and d.
13
Let w = -29 + 39. Calculate the greatest common factor of 30 and w.
10
Let l(u) = u + 9. Let o be l(-7). Suppose o*w - w - 17 = 0. What is the greatest common factor of w and 51?
17
Let p be (1 + 0 - 2) + 2. Let m = 4 - p. Suppose 0 = h - 5*l - 55, h - 28 = m*l + 37. What is the highest common divisor of h and 32?
16
Let i = -3 + 21. What is the highest common divisor of i and 6?
6
Let w be (-2)/6 + 2/(-3). Let q be ((2 - w) + 1)/1. Let h be (0 - 0) + q*3. What is the highest common divisor of 12 and h?
12
Let j be -15*(3 + 6)/3. Let c be (-2)/3*(0 + j). What is the greatest common divisor of 45 and c?
15
Let v be ((-12)/(-4))/(0 - 1). Let n = v + 6. Suppose 3*s + 3*m - 54 = 0, 3*m + 2*m = s - 36. What is the greatest common divisor of n and s?
3
Let c = -3 - -2. Let x(j) = j**2 - 4*j + 1. Let o be x(3). Let r be c - -14 - (3 + o). Calculate the highest common divisor of 48 and r.
12
Suppose -40 + 34 = -6*p. Calculate the highest common factor of p and 9.
1
Suppose -3*m + 24 = 3*o, 5*o - 58 = 4*m - 0*m. What is the highest common factor of 70 and o?
10
Suppose -p + 3*c + 263 = 0, 5*c + 805 = 4*p - p. Let b = -107 + p. Suppose 2*h - 368 = -0*h - 4*w, 2*w + b = h. What is the highest common factor of 16 and h?
16
Suppose 1 = -5*v + 4*l, 6 + 2 =